386474321 composite?
False
Is 11204520953 a composite number?
True
Is 3484923263 a composite number?
False
Is 110398271 a prime number?
True
Is 2906720441 prime?
True
Is 25859631653 prime?
False
Is 1684266061 composite?
False
Is 39290392385 composite?
True
Is 74079037 a prime number?
False
Is 135187309 composite?
True
Is 35123331577 prime?
True
Is 1821195043 a composite number?
True
Is 1629313429 a prime number?
False
Is 5356062533 a composite number?
True
Is 3938780471 composite?
True
Is 10829726251 a composite number?
False
Is 46278459937 prime?
False
Is 401348279 composite?
False
Is 655719593 composite?
False
Is 132312317 composite?
False
Is 9792293983 prime?
True
Is 28657784087 prime?
True
Is 152018200327 a composite number?
True
Is 17494128691 a composite number?
True
Is 494846129 composite?
False
Is 3249167569 a composite number?
True
Is 834212693 a composite number?
True
Is 496894861 a prime number?
True
Is 20961410461 a composite number?
True
Is 437693803 composite?
False
Is 1005461113 prime?
True
Is 3692071613 prime?
False
Is 5275333865 prime?
False
Is 775544837 composite?
False
Is 208326061 prime?
True
Is 20590964167 a composite number?
False
Is 39301921397 composite?
True
Is 10418621467 a composite number?
True
Is 64807495463 a composite number?
False
Is 300377381 prime?
False
Is 36670473329 prime?
False
Is 11000723719 a prime number?
True
Is 216125830199 composite?
False
Is 768391919 a composite number?
False
Is 494208319 prime?
False
Is 1595620951 composite?
False
Is 2900400551 prime?
True
Is 90940820507 prime?
True
Is 58792499 a composite number?
False
Is 180097009 a composite number?
False
Is 42031506661 prime?
True
Is 798505615 a composite number?
True
Is 961100681 a prime number?
True
Is 58357950179 a composite number?
True
Is 656711647 prime?
False
Is 2174888801 prime?
True
Is 1163883979 a prime number?
False
Is 138803638 a composite number?
True
Is 48356756363 a prime number?
True
Is 775933079 a prime number?
False
Is 3333566897 composite?
False
Is 3325489129 a prime number?
True
Is 15776230541 composite?
True
Is 176416547 composite?
False
Is 532788833 composite?
True
Is 763813307 a composite number?
False
Is 2352526621 prime?
True
Is 1116320099 a prime number?
True
Is 396906683 a prime number?
False
Is 34319619977 a composite number?
True
Is 495031357 a composite number?
True
Is 481146173 composite?
False
Is 535513129 composite?
False
Is 66270639817 a prime number?
True
Is 5823271967 prime?
True
Is 13218741521 composite?
True
Is 8770579703 a prime number?
True
Is 124071976403 a prime number?
False
Is 1311492827 a composite number?
False
Is 7400797991 composite?
False
Is 20210663927 composite?
False
Is 427874089 a prime number?
True
Is 1726323829 a prime number?
True
Is 71461625033 prime?
True
Is 20472656189 composite?
False
Is 481081253 a prime number?
False
Is 1763257099 composite?
False
Is 1789706791 a composite number?
False
Is 7561140299 prime?
True
Is 4307285761 composite?
True
Is 16197794111 composite?
True
Is 4783877954 composite?
True
Is 6469002823 composite?
False
Is 7258790657 composite?
False
Is 17887283399 a prime number?
False
Is 7107611081 a composite number?
True
Is 2317620697 composite?
True
Is 2762020783 composite?
True
Is 243795791 composite?
True
Is 1082778961 a prime number?
False
Is 603920869 prime?
False
Is 2036397929 composite?
True
Is 1059369551 prime?
True
Is 1611823847 prime?
False
Is 965918537 composite?
False
Is 48520303087 a composite number?
True
Is 65228759 a prime number?
False
Is 769595803 a composite number?
True
Is 4624613381 a composite number?
True
Is 3093907309 a prime number?
True
Is 123311113 prime?
False
Is 3308440127 a composite number?
True
Is 52426029703 composite?
False
Is 40115713961 prime?
True
Is 21468023767 a composite number?
False
Is 254724947 prime?
True
Is 806058665 a composite number?
True
Is 191213257 a composite number?
False
Is 3558443033 a prime number?
True
Is 942628949 a prime number?
True
Is 1990025603 prime?
True
Is 535337507 a prime number?
True
Is 60826622279 a prime number?
True
Is 487060741 prime?
True
Is 3067658953 prime?
False
Is 5938990469 composite?
True
Is 1037795881 a prime number?
False
Is 14340686281 a prime number?
True
Is 7639811251 a composite number?
True
Is 10869413 a prime number?
True
Is 626733847 composite?
True
Is 41050027387 a prime number?
True
Is 215034827 prime?
False
Is 867930005 composite?
True
Is 1121328233 composite?
False
Is 160600997 a prime number?
True
Is 2193354523 a prime number?
True
Is 1733466667 a composite number?
False
Is 4774921959 a prime number?
False
Is 9726155837 prime?
False
Is 52066845067 a composite number?
False
Is 373964892439 a prime number?
False
Is 782338231 composite?
True
Is 34750483487 a prime number?
True
Is 5066529679 prime?
False
Is 392524537 prime?
True
Is 1809002357 prime?
False
Is 162940507 a composite number?
False
Is 111125177 a composite number?
False
Is 606309721 composite?
True
Is 176759385371 a composite number?
True
Is 16924356349 composite?
True
Is 217766207 a composite number?
True
Is 8977612277 composite?
False
Is 302084479 prime?
False
Is 1227606073 a composite number?
True
Is 962086817 composite?
True
Is 731641177 prime?
True
Is 12521447 composite?
False
Is 7720648127 composite?
True
Is 45684719 a prime number?
True
Is 6353061323 prime?
False
Is 3527657429 a prime number?
True
Is 3523999607 composite?
True
Is 91402771 a prime number?
True
Is 580969 composite?
False
Is 926560157 a composite number?
True
Is 158380850515 prime?
False
Is 6805262245 a prime number?
False
Is 674777743 prime?
True
Is 56312772491 a composite number?
False
Is 8289995953 a prime number?
False
Is 5544822299 a composite number?
True
Is 1434882211 prime?
False
Is 897164126933 a prime number?
True
Is 1280474269 a composite number?
False
Is 26044619127 a prime number?
False
Is 157089731 composite?
False
Is 2667226241 composite?
False
Is 169207631 prime?
True
Is 3070481143 a composite number?
False
Is 1737132599 prime?
False
Is 3790988969 prime?
True
Is 79625087147 prime?
True
Is 8243028301 composite?
False
Is 2753697367 a prime number?
True
Is 20554097 composite?
False
Is 13716280433 composite?
True
Is 76777234507 a prime number?
False
Is 5198639203 prime?
True
Is 189590401094 a prime number?
False
Is 32908460381 a composite number?
False
Is 23633101231 composite?
False
Is 1577932321 a composite number?
True
Is 33507386182 a composite number?
True
Is 3416402581 a composite number?
False
Is 80514726737 composite?
False
Is 797072753 prime?
False
Is 209348333 a composite number?
True
Is 44892263 a prime number?
False
Is 27320782939 composite?
False
Is 8601399661 a composite number?
False
Is 3381229259 a composite number?
False
Is 3115273981 prime?
True
Is 3173859281 a prime number?
False
Is 29232347563 a prime number?
True
Is 327726137 a composite number?
True
Is 1518610001 a composite number?
True
Is 2030763557 prime?
False
Is 9526260917 a prime number?
False
Is 2773784087 a prime number?
True
Is 13160162443 a composite number?
False
Is 5038437187 prime?
False
Is 4213192579 prime?
True
Is 1575713287 prime?
True
Is 29545739689 prime?
False
Is 2813012333 a composite number?
False
Is 868443119 a composite number?
False
Is 12570260011 composite?
True
Is 768198169 a prime number?
True
Is 63829420421 prime?
False
Is 8134710529 prime?
False
Is 65105731199 prime?
True
Is 11068679669 prime?
True
Is 17732449793 a composite number?
False
Is 5330799911 composite?
False
Is 235656251 composite?
False
Is 826435253 a prime number?
False
Is 17501552731 a prime number?
False
Is 2119468321 composite?
False
Is 42022400989 composite?
False
Is 33617581539 a composite number?
True
Is 2486666911 a composite number?
False
Is 21669953801 a prime number?
True
Is 496644571 a prime number?
True
Is 15732730301 composite?
True
Is 9872327027 prime?
True
Is 721566449 a prime number?
True
Is 104904136423 a composite number?
False
Is 2213838259 composite?
False
Is 10862924959 a composite number?
False
Is 849003349 prime?
True
Is 654646997 prime?
True
Is 39899215133 a composite number?
False
Is 1579144339 a composite number?
False
Is 15236822723 a prime number?
False
Is 820139071 composite?
False
Is 31980826783 composite?
False
Is 309758639 a prime numbe